-2*o - 2*o + f. What is the greatest common factor of o and v?
2
Suppose 5*f = -w + 31, 4*w + 2 = 2*f - 6. Let k be 3/f + (-657)/(-6). What is the greatest common factor of k and 10?
10
Let c(l) = -l**2 + l + 5. Let i be c(0). Suppose 37 = 4*w - i*r, 2*r - r + 33 = 4*w. Calculate the highest common divisor of 1 and w.
1
Suppose -2*z - 14 = 3*z - h, -3*z - 2*h + 2 = 0. Let q be (-33)/12*z*18. Calculate the highest common factor of q and 11.
11
Let k(m) = m**3 + 5*m**2. Let g(x) = 2*x + 3. Let n be g(-4). Let v be k(n). Let w(a) = a + 6. Let d be w(v). What is the greatest common divisor of 4 and d?
2
Suppose -140 = -4*a - 2*o, 9*a - 5*o = 4*a + 190. What is the greatest common factor of 36 and a?
36
Suppose 0 = 2*g - 3*b + 2 + 3, -g - 20 = -5*b. Calculate the greatest common factor of 45 and g.
5
Suppose -4*p = 4*r - 92, -4*r + p = r - 97. Let h = 5 - -5. Calculate the greatest common divisor of r and h.
10
Suppose 0 = o - 4*o - 3*i - 24, 0 = -o + i - 14. Let s = 19 + o. What is the greatest common factor of s and 20?
4
Let g = 60 - 35. What is the highest common factor of g and 50?
25
Suppose -4*x - 48 = -7*h + 3*h, -h = x - 14. What is the greatest common factor of h and 143?
13
Let d be (-3 - -6) + 3/1. Let f be (3 - -3)*117/d. What is the greatest common divisor of 13 and f?
13
Let i be ((-42)/15)/(2/(-10)). Suppose -2*q + i + 34 = 0. Suppose -5*r + 42 = 4*f - q, -f + 4 = 0. What is the highest common factor of 70 and r?
10
Suppose -774 = -4*k - 2*n, 2*k - 331 = 2*n + 53. Suppose 3*p - k = -x, 2*x = p - 0*x - 55. What is the greatest common factor of 21 and p?
21
Let k = 271 + -183. Calculate the highest common divisor of k and 11.
11
Suppose 2*z + 0*z - 10 = 0. Suppose -224 = -2*v - 2*j, -v - v + z*j = -210. What is the greatest common divisor of 22 and v?
22
Let w(d) = d - 9. Let a be w(15). What is the greatest common factor of a and 54?
6
Suppose -80 = -4*m - 4*m. What is the greatest common factor of m and 50?
10
Let x be (4/(-4))/((-2)/198). Calculate the greatest common factor of 9 and x.
9
Let y(b) = b + 4. Let o be y(0). Suppose i = o*i - 39. Let w(h) = h**3 + 12*h**2 - 2*h. Let g be w(-11). Calculate the greatest common divisor of g and i.
13
Let u = 108 + -36. What is the greatest common factor of 12 and u?
12
Let v(x) = 8*x - 3. Let q be v(2). Suppose 5*i - q = 247. Let z(a) = -a**3 - 11*a**2 - 2*a - 9. Let t be z(-11). What is the highest common divisor of t and i?
13
Let l = -156 + 170. What is the greatest common factor of 70 and l?
14
Suppose -15*r - 7 = -127. Calculate the highest common factor of r and 72.
8
Let r = 20 - 19. What is the highest common factor of r and 19?
1
Let f be (-24)/(-11) - 4/22. Suppose 0 = f*g - 13 - 11. What is the highest common factor of 36 and g?
12
Let l be (-1 + -1 - -4)*(1 + 3). Calculate the highest common divisor of 56 and l.
8
Let q be 304/6*(-27)/(-18). What is the highest common divisor of 19 and q?
19
Suppose -52 = h + 7. Let w be 10/20 - h/2. What is the greatest common factor of w and 45?
15
Suppose -19*o + 20*o - 15 = 0. What is the highest common factor of 165 and o?
15
Let p be 21/3 + 2*1. Let l = -40 + 28. Let h = l + 57. Calculate the greatest common divisor of h and p.
9
Let m(x) = -x**3 - 2*x**2 - x - 1. Let l be m(-2). Let h be (l + 3)/((-6)/(-12)). What is the highest common divisor of h and 24?
8
Let q(w) = -4*w**2 - 3*w + 6. Let d(u) = 7*u**2 + 5*u - 11. Let l(z) = -3*d(z) - 5*q(z). Let a be l(0). What is the highest common factor of a and 12?
3
Suppose 6*b = b + 7180. Let f be (-8)/(-36) + b/18. Suppose c + 2*c - 30 = 0. Calculate the highest common factor of c and f.
10
Let y(v) = 8*v - 3. Let a be y(6). Let q be (-5 + 1)*(-2)/4. Suppose o - 36 = -q*n, 2*o - 18 = -n + 4*o. What is the highest common divisor of a and n?
9
Suppose -4*y + 851 = -189. Let c be y/25 + (-2)/5. Let h be 16 - (2 - (0 + 1)). What is the greatest common divisor of h and c?
5
Suppose -65*t + 85 = -60*t. What is the highest common factor of t and 34?
17
Let b be (-2)/(-6) - 4/3. Let o be 87 + (b - (-2 - -3)). What is the highest common divisor of 17 and o?
17
Let p(r) = 9*r - 2. Let m be p(4). Calculate the highest common factor of 17 and m.
17
Let p = -6 + 8. Let o be 17 - (3*-2 + p). What is the greatest common divisor of o and 168?
21
Suppose -2*v = -5*w + 108, w = -w + 4*v + 40. Let c(o) = 12*o**2 - 2*o + 1. Let f be c(1). Calculate the highest common factor of w and f.
11
Suppose 7 = 5*k - 3. Suppose -k*q = 3*q - 10. Suppose -c = -3*f + 124 + 23, q*f + 2*c - 106 = 0. What is the highest common divisor of f and 20?
10
Suppose 0*n + 27 = 3*n. Suppose 3*i - n = 2*i. What is the greatest common divisor of i and 81?
9
Suppose -7*u + 2*u = -20. Suppose -u*r = -50 + 2. Suppose -42 = -y - r. Calculate the greatest common factor of 45 and y.
15
Let t be -4 + ((-1)/((-2)/548))/2. What is the highest common factor of 19 and t?
19
Let f = -4 + 7. Suppose 0 = d + 4*u, f*d - 26 = u - 0. What is the highest common divisor of 32 and d?
8
Suppose 5*y + 2*h = -13, -2*y = y + 4*h + 5. Let p = 3 - y. What is the highest common divisor of p and 66?
6
Let i(t) = -t + 9. Let c be i(7). Suppose 0 = -c*l + 20 + 12. What is the highest common divisor of 176 and l?
16
Let i(c) = -7*c - 4. Let v be i(-4). Suppose -u = 3*z + 4*u - 200, -u = -4*z + 236. What is the greatest common divisor of z and v?
12
Suppose -4*t - t = -s + 17, -5*t = -3*s + 21. Suppose -3*i + 89 = 5*m, 2*m = -6 + s. What is the greatest common divisor of 3 and i?
3
Suppose 4*m - k = m + 61, 20 = 4*k. Calculate the greatest common divisor of 44 and m.
22
Let b = -3 - -5. Suppose 0 = -5*i - 4*u - 59, -i + 7*u = 2*u + 35. Let h = 21 + i. What is the greatest common divisor of h and b?
2
Let u(l) = l**3 - 4*l**2 - 2*l - 1. Let f be u(3). Let t = -11 - f. Calculate the highest common divisor of 5 and t.
5
Let r(j) = 2*j**2 + 7*j + 5. Let x be r(-5). Suppose -40 = -3*p - p. Calculate the highest common factor of p and x.
10
Let d be (6/(-10))/(7/(-35)). Let x = 13 - d. Calculate the greatest common divisor of 4 and x.
2
Let u(p) = -3*p**3 - 5*p**2 - 2*p + 2. Let k be u(-3). Calculate the greatest common factor of k and 11.
11
Suppose -q + 3 + 35 = 0. Calculate the highest common factor of q and 19.
19
Suppose -18*y + 96 = -12*y. What is the highest common divisor of y and 8?
8
Let w = 11 + -7. Let m = w - -11. Let d(z) = -z**3 + 4*z**2 + 7*z - 7. Let p be d(5). What is the highest common factor of m and p?
3
Let w(p) = 17*p - 8. Let s be w(4). Calculate the greatest common factor of 15 and s.
15
Let x(o) = 3*o + 9. Let u be x(13). Let t = 42 + -26. What is the greatest common factor of t and u?
16
Suppose -4*n - j + 21 = 0, 9*j - 7*j = -5*n + 24. Suppose -8 = d + 5*x - 72, 3*x = -2*d + 114. Calculate the highest common divisor of d and n.
6
Suppose l + 3 = -0*l. Let w be (l - 57)*(-24)/20. Calculate the highest common divisor of w and 18.
18
Suppose 4*f = 70 - 14. What is the greatest common factor of f and 112?
14
Let a = -34 + 17. Let o = -6 - a. What is the greatest common factor of o and 88?
11
Suppose 4*u = 8*u - 180. Calculate the greatest common divisor of 9 and u.
9
Let i(d) = -d**2 + 2*d + 1. Let w be i(3). Let b be w/(-12) + 131/6. Calculate the greatest common factor of 2 and b.
2
Let d = -66 + 33. Let h be (-5 + 2)*d/9. What is the greatest common factor of 44 and h?
11
Let c(q) = -q**3 + 2*q**2 + 2*q - 1. Let l be c(2). Let j be (9/(-2))/((-18)/96). What is the greatest common factor of l and j?
3
Let h = -7 - -12. Let n(o) = 243*o**3 - 2*o**2 + 1. Let d be n(1). Suppose h*w - d = 38. What is the greatest common factor of 7 and w?
7
Let y = 21 - 7. Calculate the greatest common divisor of 28 and y.
14
Let y be 2*((-21)/(-6) - -1). Let a be ((-78)/y)/(1/(-36)). Suppose 0 = -4*h + h + a. Calculate the greatest common divisor of h and 13.
13
Suppose 30 = -3*a + 6*a. Suppose -4*s + 2 = -a. Calculate the greatest common divisor of 3 and s.
3
Let c = -10 + 26. What is the greatest common divisor of c and 8?
8
Let p = 4 - 0. Suppose 0 = p*f + 4 + 4. Let t be (f + 3)*(85 - 0). What is the greatest common divisor of 34 and t?
17
Suppose 2*z = -3*z + 100. What is the highest common divisor of z and 140?
20
Suppose 3*p = -5*k + 97, -77 = -3*p - 5*k + 4*